{"id":5851,"date":"2024-06-16T19:28:22","date_gmt":"2024-06-16T17:28:22","guid":{"rendered":"https:\/\/jacquestheron.fr\/?page_id=5851"},"modified":"2024-06-16T19:31:15","modified_gmt":"2024-06-16T17:31:15","slug":"figura-6-patologia-regional-paciente-con-antiguos-y-debilitantes-dolores-lumbares","status":"publish","type":"page","link":"https:\/\/jacquestheron.fr\/?page_id=5851&lang=es","title":{"rendered":"Figura 6: Patolog\u00eda \u2018regional\u2019. Paciente con antiguos y debilitantes dolores lumbares"},"content":{"rendered":"\n<figure class=\"wp-block-image aligncenter size-full\"><img loading=\"lazy\" decoding=\"async\" width=\"153\" height=\"506\" src=\"https:\/\/jacquestheron.fr\/wp-content\/uploads\/2023\/08\/figure06.gif\" alt=\"\" class=\"wp-image-25\"\/><\/figure>\n\n\n\n<p>En la RM (arriba) se observan 4 protrusiones discales de peque\u00f1o volumen. Decisi\u00f3n de tratar los 4 discos tomada seg\u00fan el examen cl\u00ednico y confirmada por el dolor \u2018despertado\u2019 durante la inyecci\u00f3n de Etanol gelificado (en el centro). Buen resultado cl\u00ednico. Termograf\u00eda (abajo)<\/p>\n\n\n\n<div class=\"wp-block-buttons is-content-justification-center is-layout-flex wp-container-core-buttons-is-layout-a89b3969 wp-block-buttons-is-layout-flex\">\n<div class=\"wp-block-button\"><a class=\"wp-block-button__link wp-element-button\" href=\"javascript:history.go(-1)\">RETOUR<\/a><\/div>\n<\/div>\n\n\n\n<div style=\"height:350px\" aria-hidden=\"true\" class=\"wp-block-spacer\"><\/div>\n","protected":false},"excerpt":{"rendered":"<p>En la RM (arriba) se observan 4 protrusiones discales de peque\u00f1o volumen. Decisi\u00f3n de tratar los 4 discos tomada seg\u00fan el examen cl\u00ednico y confirmada por el dolor \u2018despertado\u2019 durante la inyecci\u00f3n de Etanol gelificado (en el centro). Buen resultado cl\u00ednico. Termograf\u00eda (abajo)<\/p>\n","protected":false},"author":1,"featured_media":0,"parent":0,"menu_order":0,"comment_status":"closed","ping_status":"closed","template":"","meta":{"inspiro_hide_title":false,"footnotes":""},"class_list":["post-5851","page","type-page","status-publish","hentry"],"_links":{"self":[{"href":"https:\/\/jacquestheron.fr\/index.php?rest_route=\/wp\/v2\/pages\/5851","targetHints":{"allow":["GET"]}}],"collection":[{"href":"https:\/\/jacquestheron.fr\/index.php?rest_route=\/wp\/v2\/pages"}],"about":[{"href":"https:\/\/jacquestheron.fr\/index.php?rest_route=\/wp\/v2\/types\/page"}],"author":[{"embeddable":true,"href":"https:\/\/jacquestheron.fr\/index.php?rest_route=\/wp\/v2\/users\/1"}],"replies":[{"embeddable":true,"href":"https:\/\/jacquestheron.fr\/index.php?rest_route=%2Fwp%2Fv2%2Fcomments&post=5851"}],"version-history":[{"count":3,"href":"https:\/\/jacquestheron.fr\/index.php?rest_route=\/wp\/v2\/pages\/5851\/revisions"}],"predecessor-version":[{"id":5856,"href":"https:\/\/jacquestheron.fr\/index.php?rest_route=\/wp\/v2\/pages\/5851\/revisions\/5856"}],"wp:attachment":[{"href":"https:\/\/jacquestheron.fr\/index.php?rest_route=%2Fwp%2Fv2%2Fmedia&parent=5851"}],"curies":[{"name":"wp","href":"https:\/\/api.w.org\/{rel}","templated":true}]}}