{"id":5643,"date":"2023-08-21T23:07:29","date_gmt":"2023-08-21T21:07:29","guid":{"rendered":"https:\/\/jacquestheron.fr\/?page_id=5643"},"modified":"2023-08-21T23:17:43","modified_gmt":"2023-08-21T21:17:43","slug":"volumineuse-hernie-discale-traitee-par-injection-intra-discale-dethanol-gelifie-radio-opaque-fleches","status":"publish","type":"page","link":"https:\/\/jacquestheron.fr\/?page_id=5643","title":{"rendered":"Figure 1 : Volumineuse hernie discale trait\u00e9e par injection intra discale d\u2019Ethanol G\u00e9lifi\u00e9 Radio Opaque (fl\u00e8ches)"},"content":{"rendered":"\n<figure class=\"wp-block-image aligncenter size-full is-style-default\"><img loading=\"lazy\" decoding=\"async\" width=\"205\" height=\"440\" src=\"https:\/\/jacquestheron.fr\/wp-content\/uploads\/2023\/08\/figure01.gif\" alt=\"\" class=\"wp-image-30\"\/><\/figure>\n\n\n\n<div class=\"wp-block-buttons is-content-justification-center is-layout-flex wp-container-core-buttons-is-layout-a89b3969 wp-block-buttons-is-layout-flex\">\n<div class=\"wp-block-button\"><a class=\"wp-block-button__link wp-element-button\" href=\"javascript:history.go(-1)\">RETOUR<\/a><\/div>\n<\/div>\n\n\n\n<div style=\"height:350px\" aria-hidden=\"true\" class=\"wp-block-spacer\"><\/div>\n","protected":false},"excerpt":{"rendered":"","protected":false},"author":1,"featured_media":0,"parent":0,"menu_order":0,"comment_status":"closed","ping_status":"closed","template":"","meta":{"inspiro_hide_title":false,"footnotes":""},"class_list":["post-5643","page","type-page","status-publish","hentry"],"_links":{"self":[{"href":"https:\/\/jacquestheron.fr\/index.php?rest_route=\/wp\/v2\/pages\/5643","targetHints":{"allow":["GET"]}}],"collection":[{"href":"https:\/\/jacquestheron.fr\/index.php?rest_route=\/wp\/v2\/pages"}],"about":[{"href":"https:\/\/jacquestheron.fr\/index.php?rest_route=\/wp\/v2\/types\/page"}],"author":[{"embeddable":true,"href":"https:\/\/jacquestheron.fr\/index.php?rest_route=\/wp\/v2\/users\/1"}],"replies":[{"embeddable":true,"href":"https:\/\/jacquestheron.fr\/index.php?rest_route=%2Fwp%2Fv2%2Fcomments&post=5643"}],"version-history":[{"count":3,"href":"https:\/\/jacquestheron.fr\/index.php?rest_route=\/wp\/v2\/pages\/5643\/revisions"}],"predecessor-version":[{"id":5661,"href":"https:\/\/jacquestheron.fr\/index.php?rest_route=\/wp\/v2\/pages\/5643\/revisions\/5661"}],"wp:attachment":[{"href":"https:\/\/jacquestheron.fr\/index.php?rest_route=%2Fwp%2Fv2%2Fmedia&parent=5643"}],"curies":[{"name":"wp","href":"https:\/\/api.w.org\/{rel}","templated":true}]}}